the prime factors of 488889345?
3, 5, 7, 4656089
What are the prime factors of 1339107640?
2, 5, 13, 853, 3019
What are the prime factors of 27850024?
2, 67, 223, 233
List the prime factors of 953147831.
953147831
What are the prime factors of 300148217?
5717, 52501
List the prime factors of 777674908.
2, 194418727
List the prime factors of 407626392.
2, 3, 53, 67, 4783
List the prime factors of 70742244.
2, 3, 19, 310273
List the prime factors of 920133959.
17, 367, 147481
List the prime factors of 588039704.
2, 7, 67, 156727
What are the prime factors of 2456005524?
2, 3, 7, 83, 352267
What are the prime factors of 2095675375?
5, 37, 453119
What are the prime factors of 51329579?
7, 17, 25373
List the prime factors of 58661416.
2, 11, 666607
List the prime factors of 249357160.
2, 5, 13, 479533
What are the prime factors of 6327838470?
2, 3, 5, 19, 11101471
List the prime factors of 28646854.
2, 14323427
List the prime factors of 738024623.
7, 71, 307, 691
List the prime factors of 149838842.
2, 74919421
List the prime factors of 52396438.
2, 23, 61, 71, 263
What are the prime factors of 289005949?
103, 1579, 1777
List the prime factors of 1637928235.
5, 327585647
List the prime factors of 1167089128.
2, 163, 895007
List the prime factors of 1363334669.
17, 4717421
List the prime factors of 347708609.
347708609
What are the prime factors of 597044471?
17, 1009, 34807
What are the prime factors of 211092491?
211092491
What are the prime factors of 247375249?
11, 29, 367, 2113
List the prime factors of 44024980.
2, 5, 41, 53, 1013
What are the prime factors of 698541464?
2, 23, 67, 56663
List the prime factors of 92690806.
2, 13, 31, 115001
List the prime factors of 32242727.
11, 17, 172421
List the prime factors of 257594413.
59, 4366007
List the prime factors of 939896670.
2, 3, 5, 29, 1080341
What are the prime factors of 167991720?
2, 3, 5, 13, 107687
List the prime factors of 107546784.
2, 3, 43, 26053
List the prime factors of 37050382.
2, 47, 394153
What are the prime factors of 116607241?
3449, 33809
What are the prime factors of 790001262?
2, 3, 109, 1657
What are the prime factors of 202551607?
11261, 17987
List the prime factors of 143883040.
2, 5, 7, 128467
What are the prime factors of 54649413?
3, 7, 13, 53, 1259
List the prime factors of 83589980.
2, 5, 41, 101939
What are the prime factors of 720662223?
3, 8819, 27239
List the prime factors of 620031096.
2, 3, 211, 40813
What are the prime factors of 51379455?
3, 5, 3425297
What are the prime factors of 3630663793?
163, 22274011
What are the prime factors of 2618427128?
2, 967, 338473
What are the prime factors of 631864565?
5, 126372913
What are the prime factors of 8421995646?
2, 3, 269, 743, 2341
List the prime factors of 3713264697.
3, 101, 347, 35317
What are the prime factors of 272829255?
3, 5, 239, 76103
What are the prime factors of 1985021087?
7, 29, 457, 21397
What are the prime factors of 3658167009?
3, 7, 71, 131, 2081
List the prime factors of 98210314.
2, 229, 214433
List the prime factors of 155761480.
2, 5, 7, 17, 43, 761
List the prime factors of 24174602.
2, 139, 86959
What are the prime factors of 1832397606?
2, 3, 13, 67, 38959
What are the prime factors of 884069943?
3, 19, 15509999
List the prime factors of 3993871621.
107, 3613, 10331
List the prime factors of 50883689.
50883689
What are the prime factors of 1079800146?
2, 3, 1291, 1721
What are the prime factors of 223037787?
3, 7, 10620847
List the prime factors of 30766905.
3, 5, 13, 47, 373
List the prime factors of 1238777235.
3, 5, 307, 89669
What are the prime factors of 59501149?
59501149
List the prime factors of 128268964.
2, 5303, 6047
List the prime factors of 1651166344.
2, 17, 71, 307, 557
List the prime factors of 134116909.
29, 4624721
List the prime factors of 2980319641.
13, 229255357
What are the prime factors of 1792971957?
3, 7, 85379617
List the prime factors of 406606854.
2, 3, 29, 2336821
What are the prime factors of 3538398818?
2, 61, 131, 221399
What are the prime factors of 1370681732?
2, 7, 757, 64667
What are the prime factors of 50063078?
2, 13, 31, 179, 347
List the prime factors of 62466313.
7, 13, 17, 149, 271
List the prime factors of 29639110.
2, 5, 2963911
List the prime factors of 204775828.
2, 89, 575213
List the prime factors of 252784203.
3, 7, 17, 743, 953
What are the prime factors of 938146064?
2, 461, 127189
What are the prime factors of 199490115?
3, 5, 11, 31, 43, 907
List the prime factors of 1543018554.
2, 3, 7, 11, 47, 23687
List the prime factors of 15454443.
3, 5151481
What are the prime factors of 117342090?
2, 3, 5, 23, 56687
List the prime factors of 10639552.
2, 7, 11, 17, 127
List the prime factors of 251673515.
5, 937, 53719
What are the prime factors of 968671292?
2, 5077, 47699
What are the prime factors of 553505528?
2, 69188191
What are the prime factors of 2796199435?
5, 47, 61, 107, 1823
List the prime factors of 58890465.
3, 5, 17, 23, 3347
List the prime factors of 352624974.
2, 3, 13, 1087, 4159
What are the prime factors of 3383657343?
3, 11, 34178357
What are the prime factors of 582729287?
7, 307, 271163
List the prime factors of 3319417480.
2, 5, 61, 1360417
List the prime factors of 59612381.
71, 839611
List the prime factors of 5560489294.
2, 179, 373, 41641
List the prime factors of 5341800.
2, 3, 5, 29, 307
List the prime factors of 66517745.
5, 7, 271501
What are the prime factors of 342619508?
2, 7, 11, 67, 16603
What are the prime factors of 392522577?
3, 19, 23, 71, 4217
List the prime factors of 45541420.
2, 5, 2277071
What are the prime factors of 17280347?
7, 17, 145213
List the prime factors of 112497907.
1049, 107243
List the prime factors of 495670950.
2, 3, 5, 173, 6367
What are the prime factors of 15847515?
3, 5, 117389
What are the prime factors of 454155352?
2, 7, 8109917
List the prime factors of 205940944.
2, 11, 1170119
List the prime factors of 1582677736.
2, 41, 881, 5477
List the prime factors of 97056933.
3, 32352311
What are the prime factors of 113238734?
2, 7, 17, 475793
List the prime factors of 2998631522.
2, 311, 4820951
What are the prime factors of 756714720?
2, 3, 5, 23, 68543
What are the prime factors of 1382612115?
3, 5, 37, 593, 4201
What are the prime factors of 1677883050?
2, 3, 5, 107, 34847
What are the prime factors of 47186435?
5, 2347, 4021
List the prime factors of 131207097.
3, 7, 31, 201547
List the prime factors of 16247950.
2, 5, 107, 3037
What are the prime factors of 469157296?
2, 17, 1724843
List the prime factors of 180357691.
180357691
What are the prime factors of 43186998?
2, 3, 7197833
List the prime factors of 90535466.
2, 7, 6466819
List the prime factors of 7092754.
2, 41, 67, 1291
What are the prime factors of 17180198?
2, 7, 1227157
What are the prime factors of 169055856?
2, 3, 89, 4397
List the prime factors of 306073817.
7, 43724831
What are the prime factors of 1010512936?
2, 563, 224359
What are the prime factors of 1319260477?
607, 2173411
List the prime factors of 74361225.
3, 5, 991483
List the prime factors of 123733171.
123733171
What are the prime factors of 309876451?
3541, 87511
List the prime factors of 56024780.
2, 5, 7, 23, 127, 137
List the prime factors of 2986741251.
3, 13, 25527703
List the prime factors of 85666353.
3, 28555451
What are the prime factors of 31375346?
2, 19, 353, 2339
What are the prime factors of 159450864?
2, 3, 181, 18353
What are the prime factors of 32121442?
2, 16060721
List the prime factors of 1146764971.
11, 17, 619, 9907
What are the prime factors of 326734944?
2, 3, 19, 271, 661
What are the prime factors of 1012846794?
2, 3, 19, 8884621
What are the prime factors of 58460190?
2, 3, 5, 1231, 1583
What are the prime factors of 220849127?
151, 251, 5827
List the prime factors of 1171771982.
2, 585885991
What are the prime factors of 652417?
652417
What are the prime factors of 19582901?
13, 19, 79283
List the prime factors of 165467470.
2, 5, 7, 1291, 1831
What are the prime factors of 929035959?
3, 607, 510179
List the prime factors of 901347293.
7, 11, 17, 349, 1973
List the prime factors of 5442163672.
2, 11, 241, 256609
List the prime factors of 490198160.
2, 5, 79, 77563
List the prime factors of 2620087153.
26200871